{"id":10689,"date":"2025-09-08T17:18:25","date_gmt":"2025-09-08T15:18:25","guid":{"rendered":"https:\/\/preprod-girasole.bleu122.com\/?post_type=project&#038;p=10689"},"modified":"2025-09-08T17:18:39","modified_gmt":"2025-09-08T15:18:39","slug":"location-de-toiture-113-kwc-aude","status":"publish","type":"project","link":"https:\/\/preprod-girasole.bleu122.com\/co-fr\/project\/location-de-toiture-113-kwc-aude\/","title":{"rendered":"Location de toiture &#8211; 113 kWc &#8211; Aude"},"content":{"rendered":"","protected":false},"featured_media":10690,"template":"","categories":[],"tags":[53],"class_list":["post-10689","project","type-project","status-publish","has-post-thumbnail","hentry","tag-location-de-toiture"],"acf":[],"yoast_head":"<!-- This site is optimized with the Yoast SEO plugin v22.0 - https:\/\/yoast.com\/wordpress\/plugins\/seo\/ -->\n<title>Location de toiture - 113 kWc - Aude<\/title>\n<meta name=\"description\" content=\"Installation d&#039;une centrale photovolta\u00efque sur la toiture PV-Ready d&#039;un b\u00e2timent industriel dans l&#039;Aude.\" \/>\n<meta name=\"robots\" content=\"noindex, follow, max-snippet:-1, max-image-preview:large, max-video-preview:-1\" \/>\n<meta name=\"twitter:card\" content=\"summary_large_image\" \/>\n<meta name=\"twitter:title\" content=\"Location de toiture - 113 kWc - Aude\" \/>\n<meta name=\"twitter:description\" content=\"Installation d&#039;une centrale photovolta\u00efque sur la toiture PV-Ready d&#039;un b\u00e2timent industriel dans l&#039;Aude.\" \/>\n<meta name=\"twitter:image\" content=\"https:\/\/preprod-girasole.bleu122.com\/wp-content\/uploads\/2025\/09\/DJI_20241204125048_0028_V-Grande.jpeg\" \/>\n<meta name=\"twitter:label1\" content=\"Est. reading time\" \/>\n\t<meta name=\"twitter:data1\" content=\"1 minute\" \/>\n<script type=\"application\/ld+json\" class=\"yoast-schema-graph\">{\"@context\":\"https:\/\/schema.org\",\"@graph\":[{\"@type\":\"WebPage\",\"@id\":\"https:\/\/preprod-girasole.bleu122.com\/co-fr\/project\/location-de-toiture-113-kwc-aude\/\",\"url\":\"https:\/\/preprod-girasole.bleu122.com\/co-fr\/project\/location-de-toiture-113-kwc-aude\/\",\"name\":\"Location de toiture - 113 kWc - Aude\",\"isPartOf\":{\"@id\":\"https:\/\/preprod-girasole.bleu122.com\/co-fr\/#website\"},\"datePublished\":\"2025-09-08T15:18:25+00:00\",\"dateModified\":\"2025-09-08T15:18:39+00:00\",\"description\":\"Installation d'une centrale photovolta\u00efque sur la toiture PV-Ready d'un b\u00e2timent industriel dans l'Aude.\",\"breadcrumb\":{\"@id\":\"https:\/\/preprod-girasole.bleu122.com\/co-fr\/project\/location-de-toiture-113-kwc-aude\/#breadcrumb\"},\"inLanguage\":\"co-FR\",\"potentialAction\":[{\"@type\":\"ReadAction\",\"target\":[\"https:\/\/preprod-girasole.bleu122.com\/co-fr\/project\/location-de-toiture-113-kwc-aude\/\"]}]},{\"@type\":\"BreadcrumbList\",\"@id\":\"https:\/\/preprod-girasole.bleu122.com\/co-fr\/project\/location-de-toiture-113-kwc-aude\/#breadcrumb\",\"itemListElement\":[{\"@type\":\"ListItem\",\"position\":1,\"name\":\"Accueil\",\"item\":\"https:\/\/preprod-girasole.bleu122.com\/co-fr\/\"},{\"@type\":\"ListItem\",\"position\":2,\"name\":\"Location de toiture &#8211; 113 kWc &#8211; Aude\"}]},{\"@type\":\"WebSite\",\"@id\":\"https:\/\/preprod-girasole.bleu122.com\/co-fr\/#website\",\"url\":\"https:\/\/preprod-girasole.bleu122.com\/co-fr\/\",\"name\":\"GIRASOLE ENERGIES - Producteur ind\u00e9pendant d'\u00e9lectricit\u00e9 photovolta\u00efque\",\"description\":\"Producteur ind\u00e9pendant d&#039;\u00e9lectricit\u00e9 photovolta\u00efque\",\"publisher\":{\"@id\":\"https:\/\/preprod-girasole.bleu122.com\/co-fr\/#organization\"},\"potentialAction\":[{\"@type\":\"SearchAction\",\"target\":{\"@type\":\"EntryPoint\",\"urlTemplate\":\"https:\/\/preprod-girasole.bleu122.com\/co-fr\/?s={search_term_string}\"},\"query-input\":\"required name=search_term_string\"}],\"inLanguage\":\"co-FR\"},{\"@type\":\"Organization\",\"@id\":\"https:\/\/preprod-girasole.bleu122.com\/co-fr\/#organization\",\"name\":\"GIRASOLE ENERGIES - Producteur ind\u00e9pendant d'\u00e9lectricit\u00e9 photovolta\u00efque\",\"url\":\"https:\/\/preprod-girasole.bleu122.com\/co-fr\/\",\"logo\":{\"@type\":\"ImageObject\",\"inLanguage\":\"co-FR\",\"@id\":\"https:\/\/preprod-girasole.bleu122.com\/co-fr\/#\/schema\/logo\/image\/\",\"url\":\"https:\/\/preprod-girasole.bleu122.com\/wp-content\/uploads\/2023\/03\/girasole_energies.svg\",\"contentUrl\":\"https:\/\/preprod-girasole.bleu122.com\/wp-content\/uploads\/2023\/03\/girasole_energies.svg\",\"width\":\"1024\",\"height\":\"1024\",\"caption\":\"GIRASOLE ENERGIES - Producteur ind\u00e9pendant d'\u00e9lectricit\u00e9 photovolta\u00efque\"},\"image\":{\"@id\":\"https:\/\/preprod-girasole.bleu122.com\/co-fr\/#\/schema\/logo\/image\/\"},\"sameAs\":[\"https:\/\/www.linkedin.com\/company\/girasole-energies\/\"]}]}<\/script>\n<!-- \/ Yoast SEO plugin. -->","yoast_head_json":{"title":"Location de toiture - 113 kWc - Aude","description":"Installation d'une centrale photovolta\u00efque sur la toiture PV-Ready d'un b\u00e2timent industriel dans l'Aude.","robots":{"index":"noindex","follow":"follow","max-snippet":"max-snippet:-1","max-image-preview":"max-image-preview:large","max-video-preview":"max-video-preview:-1"},"twitter_card":"summary_large_image","twitter_title":"Location de toiture - 113 kWc - Aude","twitter_description":"Installation d'une centrale photovolta\u00efque sur la toiture PV-Ready d'un b\u00e2timent industriel dans l'Aude.","twitter_image":"https:\/\/preprod-girasole.bleu122.com\/wp-content\/uploads\/2025\/09\/DJI_20241204125048_0028_V-Grande.jpeg","twitter_misc":{"Est. reading time":"1 minute"},"schema":{"@context":"https:\/\/schema.org","@graph":[{"@type":"WebPage","@id":"https:\/\/preprod-girasole.bleu122.com\/co-fr\/project\/location-de-toiture-113-kwc-aude\/","url":"https:\/\/preprod-girasole.bleu122.com\/co-fr\/project\/location-de-toiture-113-kwc-aude\/","name":"Location de toiture - 113 kWc - Aude","isPartOf":{"@id":"https:\/\/preprod-girasole.bleu122.com\/co-fr\/#website"},"datePublished":"2025-09-08T15:18:25+00:00","dateModified":"2025-09-08T15:18:39+00:00","description":"Installation d'une centrale photovolta\u00efque sur la toiture PV-Ready d'un b\u00e2timent industriel dans l'Aude.","breadcrumb":{"@id":"https:\/\/preprod-girasole.bleu122.com\/co-fr\/project\/location-de-toiture-113-kwc-aude\/#breadcrumb"},"inLanguage":"co-FR","potentialAction":[{"@type":"ReadAction","target":["https:\/\/preprod-girasole.bleu122.com\/co-fr\/project\/location-de-toiture-113-kwc-aude\/"]}]},{"@type":"BreadcrumbList","@id":"https:\/\/preprod-girasole.bleu122.com\/co-fr\/project\/location-de-toiture-113-kwc-aude\/#breadcrumb","itemListElement":[{"@type":"ListItem","position":1,"name":"Accueil","item":"https:\/\/preprod-girasole.bleu122.com\/co-fr\/"},{"@type":"ListItem","position":2,"name":"Location de toiture &#8211; 113 kWc &#8211; Aude"}]},{"@type":"WebSite","@id":"https:\/\/preprod-girasole.bleu122.com\/co-fr\/#website","url":"https:\/\/preprod-girasole.bleu122.com\/co-fr\/","name":"GIRASOLE ENERGIES - Producteur ind\u00e9pendant d'\u00e9lectricit\u00e9 photovolta\u00efque","description":"Producteur ind\u00e9pendant d&#039;\u00e9lectricit\u00e9 photovolta\u00efque","publisher":{"@id":"https:\/\/preprod-girasole.bleu122.com\/co-fr\/#organization"},"potentialAction":[{"@type":"SearchAction","target":{"@type":"EntryPoint","urlTemplate":"https:\/\/preprod-girasole.bleu122.com\/co-fr\/?s={search_term_string}"},"query-input":"required name=search_term_string"}],"inLanguage":"co-FR"},{"@type":"Organization","@id":"https:\/\/preprod-girasole.bleu122.com\/co-fr\/#organization","name":"GIRASOLE ENERGIES - Producteur ind\u00e9pendant d'\u00e9lectricit\u00e9 photovolta\u00efque","url":"https:\/\/preprod-girasole.bleu122.com\/co-fr\/","logo":{"@type":"ImageObject","inLanguage":"co-FR","@id":"https:\/\/preprod-girasole.bleu122.com\/co-fr\/#\/schema\/logo\/image\/","url":"https:\/\/preprod-girasole.bleu122.com\/wp-content\/uploads\/2023\/03\/girasole_energies.svg","contentUrl":"https:\/\/preprod-girasole.bleu122.com\/wp-content\/uploads\/2023\/03\/girasole_energies.svg","width":"1024","height":"1024","caption":"GIRASOLE ENERGIES - Producteur ind\u00e9pendant d'\u00e9lectricit\u00e9 photovolta\u00efque"},"image":{"@id":"https:\/\/preprod-girasole.bleu122.com\/co-fr\/#\/schema\/logo\/image\/"},"sameAs":["https:\/\/www.linkedin.com\/company\/girasole-energies\/"]}]}},"_links":{"self":[{"href":"https:\/\/preprod-girasole.bleu122.com\/co-fr\/wp-json\/wp\/v2\/project\/10689","targetHints":{"allow":["GET"]}}],"collection":[{"href":"https:\/\/preprod-girasole.bleu122.com\/co-fr\/wp-json\/wp\/v2\/project"}],"about":[{"href":"https:\/\/preprod-girasole.bleu122.com\/co-fr\/wp-json\/wp\/v2\/types\/project"}],"wp:featuredmedia":[{"embeddable":true,"href":"https:\/\/preprod-girasole.bleu122.com\/co-fr\/wp-json\/wp\/v2\/media\/10690"}],"wp:attachment":[{"href":"https:\/\/preprod-girasole.bleu122.com\/co-fr\/wp-json\/wp\/v2\/media?parent=10689"}],"wp:term":[{"taxonomy":"category","embeddable":true,"href":"https:\/\/preprod-girasole.bleu122.com\/co-fr\/wp-json\/wp\/v2\/categories?post=10689"},{"taxonomy":"post_tag","embeddable":true,"href":"https:\/\/preprod-girasole.bleu122.com\/co-fr\/wp-json\/wp\/v2\/tags?post=10689"}],"curies":[{"name":"wp","href":"https:\/\/api.w.org\/{rel}","templated":true}]}}

<!-- This site is optimized with the Yoast SEO plugin v22.0 - https://yoast.com/wordpress/plugins/seo/ -->
<title>Location de toiture - 113 kWc - Aude</title>
<meta name="description" content="Installation d&#039;une centrale photovoltaïque sur la toiture PV-Ready d&#039;un bâtiment industriel dans l&#039;Aude." />
<meta name="robots" content="noindex, follow, max-snippet:-1, max-image-preview:large, max-video-preview:-1" />
<meta name="twitter:card" content="summary_large_image" />
<meta name="twitter:title" content="Location de toiture - 113 kWc - Aude" />
<meta name="twitter:description" content="Installation d&#039;une centrale photovoltaïque sur la toiture PV-Ready d&#039;un bâtiment industriel dans l&#039;Aude." />
<meta name="twitter:image" content="https://preprod-girasole.bleu122.com/wp-content/uploads/2025/09/DJI_20241204125048_0028_V-Grande.jpeg" />
<meta name="twitter:label1" content="Est. reading time" />
	<meta name="twitter:data1" content="1 minute" />
<script type="application/ld+json" class="yoast-schema-graph">{"@context":"https://schema.org","@graph":[{"@type":"WebPage","@id":"https://preprod-girasole.bleu122.com/co-fr/project/location-de-toiture-113-kwc-aude/","url":"https://preprod-girasole.bleu122.com/co-fr/project/location-de-toiture-113-kwc-aude/","name":"Location de toiture - 113 kWc - Aude","isPartOf":{"@id":"https://preprod-girasole.bleu122.com/co-fr/#website"},"datePublished":"2025-09-08T15:18:25+00:00","dateModified":"2025-09-08T15:18:39+00:00","description":"Installation d'une centrale photovoltaïque sur la toiture PV-Ready d'un bâtiment industriel dans l'Aude.","breadcrumb":{"@id":"https://preprod-girasole.bleu122.com/co-fr/project/location-de-toiture-113-kwc-aude/#breadcrumb"},"inLanguage":"co-FR","potentialAction":[{"@type":"ReadAction","target":["https://preprod-girasole.bleu122.com/co-fr/project/location-de-toiture-113-kwc-aude/"]}]},{"@type":"BreadcrumbList","@id":"https://preprod-girasole.bleu122.com/co-fr/project/location-de-toiture-113-kwc-aude/#breadcrumb","itemListElement":[{"@type":"ListItem","position":1,"name":"Accueil","item":"https://preprod-girasole.bleu122.com/co-fr/"},{"@type":"ListItem","position":2,"name":"Location de toiture &#8211; 113 kWc &#8211; Aude"}]},{"@type":"WebSite","@id":"https://preprod-girasole.bleu122.com/co-fr/#website","url":"https://preprod-girasole.bleu122.com/co-fr/","name":"GIRASOLE ENERGIES - Producteur indépendant d'électricité photovoltaïque","description":"Producteur indépendant d&#039;électricité photovoltaïque","publisher":{"@id":"https://preprod-girasole.bleu122.com/co-fr/#organization"},"potentialAction":[{"@type":"SearchAction","target":{"@type":"EntryPoint","urlTemplate":"https://preprod-girasole.bleu122.com/co-fr/?s={search_term_string}"},"query-input":"required name=search_term_string"}],"inLanguage":"co-FR"},{"@type":"Organization","@id":"https://preprod-girasole.bleu122.com/co-fr/#organization","name":"GIRASOLE ENERGIES - Producteur indépendant d'électricité photovoltaïque","url":"https://preprod-girasole.bleu122.com/co-fr/","logo":{"@type":"ImageObject","inLanguage":"co-FR","@id":"https://preprod-girasole.bleu122.com/co-fr/#/schema/logo/image/","url":"https://preprod-girasole.bleu122.com/wp-content/uploads/2023/03/girasole_energies.svg","contentUrl":"https://preprod-girasole.bleu122.com/wp-content/uploads/2023/03/girasole_energies.svg","width":"1024","height":"1024","caption":"GIRASOLE ENERGIES - Producteur indépendant d'électricité photovoltaïque"},"image":{"@id":"https://preprod-girasole.bleu122.com/co-fr/#/schema/logo/image/"},"sameAs":["https://www.linkedin.com/company/girasole-energies/"]}]}</script>
<!-- / Yoast SEO plugin. -->

Installation d'une centrale photovoltaïque sur la toiture PV-Ready d'un bâtiment industriel dans l'Aude.

GIRASOLE ENERGIES - Producteur indépendant d'électricité photovoltaïque

Producteur indépendant d&#039;électricité photovoltaïque
